eatest common divisor of 57 and 9671?
19
Calculate the highest common divisor of 370 and 55.
5
Calculate the greatest common divisor of 275 and 319.
11
Calculate the greatest common divisor of 270 and 410.
10
What is the greatest common divisor of 4 and 4372?
4
Calculate the greatest common divisor of 38 and 76.
38
What is the highest common divisor of 144 and 120?
24
Calculate the highest common factor of 364 and 2444.
52
What is the greatest common factor of 289 and 459?
17
What is the greatest common divisor of 6862 and 94?
94
Calculate the greatest common factor of 7469 and 97.
97
What is the greatest common divisor of 22056 and 24?
24
Calculate the highest common divisor of 164 and 4223.
41
What is the greatest common factor of 121 and 1969?
11
Calculate the highest common divisor of 155 and 62.
31
Calculate the greatest common factor of 1 and 127.
1
Calculate the greatest common factor of 54 and 108.
54
Calculate the greatest common factor of 5 and 90.
5
Calculate the highest common divisor of 860 and 1376.
172
Calculate the highest common divisor of 78 and 104.
26
Calculate the highest common divisor of 324 and 5076.
108
Calculate the greatest common divisor of 812 and 1064.
28
Calculate the greatest common factor of 1282 and 2.
2
What is the greatest common divisor of 62944 and 224?
224
What is the greatest common factor of 16 and 196?
4
Calculate the highest common factor of 234 and 342.
18
What is the greatest common factor of 168 and 42?
42
Calculate the highest common divisor of 29 and 12151.
29
Calculate the highest common divisor of 262 and 2.
2
What is the highest common divisor of 19 and 1634?
19
Calculate the highest common factor of 380 and 100.
20
Calculate the greatest common divisor of 78 and 884.
26
What is the greatest common factor of 91 and 56?
7
What is the highest common divisor of 14110 and 102?
34
Calculate the highest common divisor of 561 and 165.
33
Calculate the greatest common divisor of 207 and 3611.
23
Calculate the greatest common divisor of 104 and 64.
8
Calculate the greatest common divisor of 5375 and 172.
43
What is the highest common factor of 35 and 65?
5
Calculate the highest common factor of 247 and 39.
13
What is the greatest common factor of 177 and 177?
177
Calculate the greatest common divisor of 1495 and 65.
65
What is the highest common divisor of 196 and 1316?
28
Calculate the highest common factor of 333 and 74.
37
Calculate the highest common factor of 1472 and 828.
92
What is the greatest common divisor of 1331 and 671?
11
What is the greatest common factor of 25 and 5365?
5
What is the highest common divisor of 28 and 2632?
28
What is the highest common divisor of 1518 and 23?
23
Calculate the highest common factor of 980 and 100.
20
What is the greatest common divisor of 16 and 1824?
16
What is the highest common divisor of 154 and 1309?
77
Calculate the highest common factor of 5355 and 21.
21
Calculate the greatest common factor of 708 and 48.
12
Calculate the greatest common divisor of 750 and 30.
30
What is the greatest common divisor of 100 and 4?
4
Calculate the greatest common factor of 416 and 156.
52
Calculate the highest common factor of 40 and 1030.
10
What is the greatest common factor of 799 and 17?
17
Calculate the greatest common factor of 88 and 550.
22
What is the greatest common divisor of 46 and 1288?
46
Calculate the highest common factor of 1242 and 162.
54
What is the highest common factor of 208 and 368?
16
What is the greatest common divisor of 1053 and 26?
13
What is the greatest common factor of 6200 and 400?
200
What is the highest common factor of 354 and 24?
6
What is the greatest common factor of 104 and 6?
2
What is the highest common factor of 6 and 34?
2
Calculate the greatest common divisor of 375 and 84.
3
Calculate the greatest common factor of 16938 and 36.
18
Calculate the greatest common divisor of 7 and 840.
7
What is the greatest common factor of 315 and 5?
5
What is the highest common factor of 140 and 28?
28
What is the highest common divisor of 174 and 12?
6
Calculate the highest common divisor of 260 and 1612.
52
What is the highest common factor of 304 and 19?
19
What is the highest common divisor of 3649 and 267?
89
What is the highest common divisor of 32 and 32?
32
What is the highest common divisor of 11 and 869?
11
Calculate the highest common divisor of 119 and 21.
7
Calculate the greatest common factor of 86 and 4.
2
Calculate the greatest common factor of 87 and 29.
29
What is the highest common divisor of 15 and 865?
5
Calculate the greatest common divisor of 176 and 1584.
176
Calculate the greatest common divisor of 49 and 7.
7
Calculate the greatest common divisor of 195 and 12363.
39
Calculate the greatest common factor of 18 and 4176.
18
What is the highest common factor of 132 and 561?
33
What is the highest common factor of 8 and 11?
1
What is the greatest common divisor of 12 and 3804?
12
What is the greatest common factor of 143 and 234?
13
Calculate the highest common factor of 53 and 4717.
53
What is the highest common factor of 798 and 114?
114
What is the highest common divisor of 14183 and 13?
13
Calculate the highest common factor of 558 and 71703.
279
What is the highest common factor of 1 and 109?
1
Calculate the greatest common factor of 408 and 108.
12
Calculate the highest common divisor of 80 and 445.
5
What is the highest common factor of 5070 and 24?
6
What is the highest common factor of 299 and 92?
23
Calculate the highest common divisor of 8 and 56.
8
Calculate the greatest common divisor of 1086 and 19186.
362
Calculate the greatest common divisor of 44 and 948.
4
What is the highest common factor of 11 and 4895?
11
What is the greatest common divisor of 3945 and 30?
15
Calculate the highest common factor of 806 and 130.
26
Calculate the highest common factor of 459 and 108.
27
Calculate the highest common factor of 117 and 416.
13
Calculate the highest common divisor of 28 and 112.
28
Calculate the greatest common factor of 973 and 21.
7
What is the highest common factor of 819 and 567?
63
Calculate the greatest common divisor of 411 and 2329.
137
What is the highest common divisor of 69 and 2346?
69
Calculate the highest common factor of 60 and 204.
12
What is the highest common divisor of 1392 and 783?
87
What is the highest common divisor of 4403 and 777?
259
What is the highest common factor of 7 and 1337?
7
Calculate the greatest common factor of 345 and 3480.
15
What is the greatest common factor of 784 and 2548?
196
What is the greatest common factor of 112 and 144?
16
Calculate the greatest common factor of 168 and 472.
8
What is the highest common divisor of 30 and 66?
6
What is the greatest common divisor of 90 and 765?
45
What is the highest common factor of 19 and 95?
19
Calculate the highest common factor of 125 and 50.
25
Calculate the highest common factor of 1 and 4217.
1
What is the greatest common divisor of 280 and 350?
70
What is the greatest common divisor of 95 and 228?
19
What is the highest common factor of 8 and 346?
2
Calculate the greatest common factor of 938 and 14.
14
What is the highest common divisor of 3534 and 93?
93
Calculate the highest common divisor of 5772 and 312.
156
Calculate the highest common divisor of 39 and 42237.
39
What is the greatest common factor of 66 and 165?
33
Calculate the greatest common factor of 2256 and 235.
47
What is the greatest common factor of 221 and 26?
13
What is the greatest common divisor of 24 and 1068?
12
Calculate the highest common factor of 901 and 646.
17
Calculate the greatest common divisor of 15916 and 92.
92
Calculate the greatest common factor of 44677 and 43.
43
Calculate the greatest common factor of 12 and 32.
4
Calculate the highest common divisor of 80 and 140.
20
What is the highest common divisor of 20 and 100?
20
What is the greatest common divisor of 256 and 1?
1
What is the greatest common divisor of 44 and 2156?
44
What is the greatest common divisor of 32 and 2672?
16
Calculate the greatest common factor of 12 and 3156.
12
What is the greatest common factor of 404 and 9898?
202
Calculate the greatest common divisor of 230 and 46.
46
Calculate the highest common divisor of 44 and 3278.
22
What is the greatest c